{"id":7858,"date":"2026-01-27T23:14:23","date_gmt":"2026-01-28T04:14:23","guid":{"rendered":"https:\/\/site.marketeros.com.co\/chimeneas\/producto\/veleta-en-hiero-fundido-gallo-pequeno\/"},"modified":"2026-03-28T10:59:51","modified_gmt":"2026-03-28T15:59:51","slug":"veleta-en-hiero-fundido-gallo-pequeno","status":"publish","type":"product","link":"https:\/\/site.marketeros.com.co\/chimeneas\/producto\/veleta-en-hiero-fundido-gallo-pequeno\/","title":{"rendered":"Veleta en Hierro Fundido Gallo Peque\u00f1o"},"content":{"rendered":"","protected":false},"excerpt":{"rendered":"<p>Veleta decorativa elaborada en fundici\u00f3n de aluminio con acabado cl\u00e1sico en negro. Dise\u00f1ada para indicar la direcci\u00f3n del viento, su imponente silueta de gallo aporta car\u00e1cter, tradici\u00f3n y distinci\u00f3n a cubiertas, terrazas y espacios exteriores. Una pieza ornamental duradera que combina funcionalidad y estilo arquitect\u00f3nico atemporal.<\/p>\n","protected":false},"featured_media":8679,"template":"","meta":{"_joinchat":[]},"product_brand":[55],"product_cat":[75,83],"product_tag":[],"class_list":{"0":"post-7858","1":"product","2":"type-product","3":"status-publish","4":"has-post-thumbnail","6":"product_brand-decogarden","7":"product_cat-terrazas-y-cocinas","8":"product_cat-accesorios-decorativos","10":"first","11":"outofstock","12":"taxable","13":"shipping-taxable","14":"purchasable","15":"product-type-simple"},"_links":{"self":[{"href":"https:\/\/site.marketeros.com.co\/chimeneas\/wp-json\/wp\/v2\/product\/7858","targetHints":{"allow":["GET"]}}],"collection":[{"href":"https:\/\/site.marketeros.com.co\/chimeneas\/wp-json\/wp\/v2\/product"}],"about":[{"href":"https:\/\/site.marketeros.com.co\/chimeneas\/wp-json\/wp\/v2\/types\/product"}],"wp:featuredmedia":[{"embeddable":true,"href":"https:\/\/site.marketeros.com.co\/chimeneas\/wp-json\/wp\/v2\/media\/8679"}],"wp:attachment":[{"href":"https:\/\/site.marketeros.com.co\/chimeneas\/wp-json\/wp\/v2\/media?parent=7858"}],"wp:term":[{"taxonomy":"product_brand","embeddable":true,"href":"https:\/\/site.marketeros.com.co\/chimeneas\/wp-json\/wp\/v2\/product_brand?post=7858"},{"taxonomy":"product_cat","embeddable":true,"href":"https:\/\/site.marketeros.com.co\/chimeneas\/wp-json\/wp\/v2\/product_cat?post=7858"},{"taxonomy":"product_tag","embeddable":true,"href":"https:\/\/site.marketeros.com.co\/chimeneas\/wp-json\/wp\/v2\/product_tag?post=7858"}],"curies":[{"name":"wp","href":"https:\/\/api.w.org\/{rel}","templated":true}]}}