{"id":7151,"date":"2026-01-27T22:32:33","date_gmt":"2026-01-28T03:32:33","guid":{"rendered":"https:\/\/site.marketeros.com.co\/chimeneas\/producto\/prod-402\/"},"modified":"2026-03-28T12:13:21","modified_gmt":"2026-03-28T17:13:21","slug":"chimenea-electrica-insert-moderno-2","status":"publish","type":"product","link":"https:\/\/site.marketeros.com.co\/chimeneas\/producto\/chimenea-electrica-insert-moderno-2\/","title":{"rendered":"Chimenea El\u00e9ctrica Insert Moderno"},"content":{"rendered":"<p>Efecto del fuego graduable en colores (naranja \u2013 rojo). Lista para dar calor a su hogar con un solo clic.<\/p>\n<ul>\n<li>Ideal para espacios de hasta 30 m2.<\/li>\n<li>Control remoto (grad\u00faa intensidad de llama y brasa, activa calefacci\u00f3n, programa y controla la temperatura)<\/li>\n<li>Funci\u00f3n sleeping integrada para controlar cuando quiere que su chimenea se apague de forma autom\u00e1tica<\/li>\n<li>Funci\u00f3n de control de temperatura ambiental para mantener su habitaci\u00f3n o espacios a una temperatura constante.<\/li>\n<li>Funci\u00f3n de control de temperatura de 18\u00b0C a 30\u00b0 C<\/li>\n<li>Funci\u00f3n de programaci\u00f3n de temperatura para cada d\u00eda de la semana. Programe para cada d\u00eda de la semana la temperatura, las hora de encendido y las horas de funcionamiento de su chimenea<\/li>\n<li>Ideal para espacios de hasta 30 m2.<\/li>\n<li>Chimenea para empotar<\/li>\n<li>Ideal para lugares en los que no se pueden manejar ductos de ventilaci\u00f3n<\/li>\n<li>Dise\u00f1o de 27cm de profundidad y vidrio frontal<\/li>\n<li>Brasas decoradas con le\u00f1os artificiales<\/li>\n<li>Marco integrado con salida directa de calefacci\u00f3n<\/li>\n<li>Altura de llama e intensidad de brasa graduable (color naranja y rojo)<\/li>\n<li>Luces LED de alta potencia que no requieren mantenimiento<\/li>\n<li>F\u00e1cil instalaci\u00f3n \u2022 Consumo efecto del fuego: 150w<\/li>\n<li>Consumo calefacci\u00f3n: 1500w, a 110V<\/li>\n<li>Apto para cualquier habitaci\u00f3n, incluyendo dormitorios, salas de estar y Oficinas<\/li>\n<\/ul>\n","protected":false},"excerpt":{"rendered":"<p>Chimenea el\u00e9ctrica que impresiona por su dise\u00f1o Moderno. Lista para empotrar en cualquier ambiente de manera f\u00e1cil, proporciona la ilusi\u00f3n del fuego de le\u00f1a con brasas de realismo sorprendente. Ideal para aquellos que quieran un punto focal con calefacci\u00f3n con calefacci\u00f3n visualmente agradable en una habitaci\u00f3n sin necesidad de ventilaci\u00f3n.<\/p>\n<p><strong>*No incluye mueble blanco, imagen solo de referencia<\/strong><\/p>\n","protected":false},"featured_media":9077,"template":"","meta":{"_joinchat":[]},"product_brand":[53],"product_cat":[37],"product_tag":[],"class_list":{"0":"post-7151","1":"product","2":"type-product","3":"status-publish","4":"has-post-thumbnail","6":"product_brand-chimeneas-de-colombia","7":"product_cat-chimeneas-electricas","9":"first","10":"instock","11":"taxable","12":"shipping-taxable","13":"purchasable","14":"product-type-simple"},"_links":{"self":[{"href":"https:\/\/site.marketeros.com.co\/chimeneas\/wp-json\/wp\/v2\/product\/7151","targetHints":{"allow":["GET"]}}],"collection":[{"href":"https:\/\/site.marketeros.com.co\/chimeneas\/wp-json\/wp\/v2\/product"}],"about":[{"href":"https:\/\/site.marketeros.com.co\/chimeneas\/wp-json\/wp\/v2\/types\/product"}],"wp:featuredmedia":[{"embeddable":true,"href":"https:\/\/site.marketeros.com.co\/chimeneas\/wp-json\/wp\/v2\/media\/9077"}],"wp:attachment":[{"href":"https:\/\/site.marketeros.com.co\/chimeneas\/wp-json\/wp\/v2\/media?parent=7151"}],"wp:term":[{"taxonomy":"product_brand","embeddable":true,"href":"https:\/\/site.marketeros.com.co\/chimeneas\/wp-json\/wp\/v2\/product_brand?post=7151"},{"taxonomy":"product_cat","embeddable":true,"href":"https:\/\/site.marketeros.com.co\/chimeneas\/wp-json\/wp\/v2\/product_cat?post=7151"},{"taxonomy":"product_tag","embeddable":true,"href":"https:\/\/site.marketeros.com.co\/chimeneas\/wp-json\/wp\/v2\/product_tag?post=7151"}],"curies":[{"name":"wp","href":"https:\/\/api.w.org\/{rel}","templated":true}]}}