{"id":6842,"date":"2026-01-27T22:15:24","date_gmt":"2026-01-28T03:15:24","guid":{"rendered":"https:\/\/site.marketeros.com.co\/chimeneas\/producto\/copy-of-10\/"},"modified":"2026-03-27T16:10:38","modified_gmt":"2026-03-27T21:10:38","slug":"chimenea-a-lena-de-empotrar-valeska-pequena","status":"publish","type":"product","link":"https:\/\/site.marketeros.com.co\/chimeneas\/producto\/chimenea-a-lena-de-empotrar-valeska-pequena\/","title":{"rendered":"Chimenea a Le\u00f1a de Empotrar Valeska Peque\u00f1a"},"content":{"rendered":"<p>Transforma tu chimenea tradicional en una fuente de calor moderna y eficiente con el Inserto a Le\u00f1a Valeska Peque\u00f1o. Dise\u00f1ado para ser empotrado, este equipo optimiza radicalmente el rendimiento de cualquier hogar de le\u00f1a abierto. Su estructura est\u00e1 fabricada en acero de alta resistencia y cuenta con una c\u00e1mara de combusti\u00f3n protegida por ladrillos refractarios, lo que asegura una excelente acumulaci\u00f3n de calor. La tecnolog\u00eda de doble combusti\u00f3n quema los gases residuales para maximizar la energ\u00eda de cada le\u00f1o, resultando en una calefacci\u00f3n m\u00e1s potente para \u00e1reas de 50 a 80 m\u00b2, con un consumo m\u00ednimo y bajas emisiones. Su puerta frontal con un gran cristal vitrocer\u00e1mico (resistente a 800 \u00b0C) y sistema de aire limpio ofrece una vista espectacular del fuego, convirtiendo tu vieja chimenea en un sistema de calefacci\u00f3n seguro, eficiente y de est\u00e9tica contempor\u00e1nea.<\/p>\n","protected":false},"excerpt":{"rendered":"<p>El Inserto Valeska Peque\u00f1o es la soluci\u00f3n perfecta para renovar chimeneas existentes o para nuevas instalaciones de obra. Con tecnolog\u00eda de doble combusti\u00f3n y un dise\u00f1o compacto, calienta eficientemente espacios de 50 a 80 m\u00b2, mejorando el rendimiento t\u00e9rmico, reduciendo el consumo de le\u00f1a y ofreciendo una vista clara del fuego gracias a su amplio cristal.<\/p>\n","protected":false},"featured_media":9046,"template":"","meta":{"_joinchat":[]},"product_brand":[53],"product_cat":[70],"product_tag":[],"class_list":{"0":"post-6842","1":"product","2":"type-product","3":"status-publish","4":"has-post-thumbnail","6":"product_brand-chimeneas-de-colombia","7":"product_cat-chimeneas-de-doble-y-triple-combustion","9":"first","10":"instock","11":"taxable","12":"shipping-taxable","13":"purchasable","14":"product-type-simple"},"_links":{"self":[{"href":"https:\/\/site.marketeros.com.co\/chimeneas\/wp-json\/wp\/v2\/product\/6842","targetHints":{"allow":["GET"]}}],"collection":[{"href":"https:\/\/site.marketeros.com.co\/chimeneas\/wp-json\/wp\/v2\/product"}],"about":[{"href":"https:\/\/site.marketeros.com.co\/chimeneas\/wp-json\/wp\/v2\/types\/product"}],"wp:featuredmedia":[{"embeddable":true,"href":"https:\/\/site.marketeros.com.co\/chimeneas\/wp-json\/wp\/v2\/media\/9046"}],"wp:attachment":[{"href":"https:\/\/site.marketeros.com.co\/chimeneas\/wp-json\/wp\/v2\/media?parent=6842"}],"wp:term":[{"taxonomy":"product_brand","embeddable":true,"href":"https:\/\/site.marketeros.com.co\/chimeneas\/wp-json\/wp\/v2\/product_brand?post=6842"},{"taxonomy":"product_cat","embeddable":true,"href":"https:\/\/site.marketeros.com.co\/chimeneas\/wp-json\/wp\/v2\/product_cat?post=6842"},{"taxonomy":"product_tag","embeddable":true,"href":"https:\/\/site.marketeros.com.co\/chimeneas\/wp-json\/wp\/v2\/product_tag?post=6842"}],"curies":[{"name":"wp","href":"https:\/\/api.w.org\/{rel}","templated":true}]}}