{"id":6177,"date":"2026-01-27T21:33:06","date_gmt":"2026-01-28T02:33:06","guid":{"rendered":"https:\/\/site.marketeros.com.co\/chimeneas\/producto\/copy-of-semicodo-en-acero-galvanizado\/"},"modified":"2026-03-24T08:33:10","modified_gmt":"2026-03-24T13:33:10","slug":"semicodo-en-acero-galvanizado-pintura-de-alta-temperatura","status":"publish","type":"product","link":"https:\/\/site.marketeros.com.co\/chimeneas\/producto\/semicodo-en-acero-galvanizado-pintura-de-alta-temperatura\/","title":{"rendered":"Semicodo en Acero Galvanizado Pintura de Alta Temperatura"},"content":{"rendered":"<p>Realiza desv\u00edos en tu sistema de evacuaci\u00f3n de alto volumen con este semicodo de 45 grados. Est\u00e1 dise\u00f1ado para instalaciones de chimeneas de fuego abierto grandes o estufas de alta potencia que requieren un ducto de mayor calibre. Es indispensable para sortear obst\u00e1culos estructurales como vigas. Est\u00e1 fabricado en l\u00e1mina de acero galvanizado de calibre 24, que le otorga una excelente protecci\u00f3n contra la corrosi\u00f3n. Su acabado galvanizado con pintura de alta temperatura, lo hace perfecto para instalaciones donde la pieza est\u00e9 a la vista o para proyectos m\u00e1s elegante.<\/p>\n<p>Peso: 1.5 kg.<br \/>\nAcabado: \u00a0Pintura electrost\u00e1tica de alta resistencia en color negro.<br \/>\nUso: Realizar un desv\u00edo de 45 grados en un tramo de ducto de gran di\u00e1metro.<\/p>\n<p>&nbsp;<\/p>\n","protected":false},"excerpt":{"rendered":"<p>Este semicodo de 45 grados es la pieza esencial para desviar sistemas de ductos de gran formato. Fabricado en acero galvanizado de calibre 24, con acabado en pintura negra de alta temperatura es ideal para instalaciones funcionales, permitiendo sortear obst\u00e1culos de forma segura.<\/p>\n","protected":false},"featured_media":8625,"template":"","meta":{"_joinchat":[]},"product_brand":[53],"product_cat":[27],"product_tag":[],"class_list":{"0":"post-6177","1":"product","2":"type-product","3":"status-publish","4":"has-post-thumbnail","6":"product_brand-chimeneas-de-colombia","7":"product_cat-complementos-de-instalacion","9":"first","10":"outofstock","11":"taxable","12":"shipping-taxable","13":"purchasable","14":"product-type-variable"},"_links":{"self":[{"href":"https:\/\/site.marketeros.com.co\/chimeneas\/wp-json\/wp\/v2\/product\/6177","targetHints":{"allow":["GET"]}}],"collection":[{"href":"https:\/\/site.marketeros.com.co\/chimeneas\/wp-json\/wp\/v2\/product"}],"about":[{"href":"https:\/\/site.marketeros.com.co\/chimeneas\/wp-json\/wp\/v2\/types\/product"}],"wp:featuredmedia":[{"embeddable":true,"href":"https:\/\/site.marketeros.com.co\/chimeneas\/wp-json\/wp\/v2\/media\/8625"}],"wp:attachment":[{"href":"https:\/\/site.marketeros.com.co\/chimeneas\/wp-json\/wp\/v2\/media?parent=6177"}],"wp:term":[{"taxonomy":"product_brand","embeddable":true,"href":"https:\/\/site.marketeros.com.co\/chimeneas\/wp-json\/wp\/v2\/product_brand?post=6177"},{"taxonomy":"product_cat","embeddable":true,"href":"https:\/\/site.marketeros.com.co\/chimeneas\/wp-json\/wp\/v2\/product_cat?post=6177"},{"taxonomy":"product_tag","embeddable":true,"href":"https:\/\/site.marketeros.com.co\/chimeneas\/wp-json\/wp\/v2\/product_tag?post=6177"}],"curies":[{"name":"wp","href":"https:\/\/api.w.org\/{rel}","templated":true}]}}