{"id":6103,"date":"2026-01-27T21:28:06","date_gmt":"2026-01-28T02:28:06","guid":{"rendered":"https:\/\/site.marketeros.com.co\/chimeneas\/producto\/prod-424\/"},"modified":"2026-03-28T09:35:50","modified_gmt":"2026-03-28T14:35:50","slug":"paila-para-fogata-a-lena-en-lamina-helsinki-mediana","status":"publish","type":"product","link":"https:\/\/site.marketeros.com.co\/chimeneas\/producto\/paila-para-fogata-a-lena-en-lamina-helsinki-mediana\/","title":{"rendered":"Paila para Fogata a le\u00f1a en lamina Helsinki Mediana"},"content":{"rendered":"<p>A\u00f1ade un toque de dise\u00f1o contempor\u00e1neo a tus noches al aire libre con la Paila para Fogata Helsinki Mediana. Este brasero se distingue por su elegante base integrada que eleva el cuenco, creando una pieza escultural y un punto focal sofisticado en cualquier jard\u00edn o terraza. Su construcci\u00f3n es excepcionalmente robusta, fabricada en l\u00e1mina de hierro CR (Cold Rolled) de calibre 12, un acero de gran grosor que garantiza una magn\u00edfica resistencia al fuego directo y una larga vida \u00fatil. Con un acabado en pintura negra de alta temperatura y una perforaci\u00f3n para el drenaje de agua, la Paila Helsinki no solo es un objeto de dise\u00f1o, sino tambi\u00e9n un fogatero funcional y duradero.<\/p>\n<p>Acabado: Pintura de alta temperatura color negro.<br \/>\nUso: Exclusivamente para exteriores, para quemar le\u00f1a.<br \/>\nCaracter\u00edsticas Adicionales: Dise\u00f1o con base integrada, Perforaci\u00f3n en la base para drenaje de agua.<\/p>\n","protected":false},"excerpt":{"rendered":"<p>La Paila para Fogata Helsinki Mediana eleva el dise\u00f1o de tu espacio exterior con su base integrada y estilo moderno. Fabricada en acero Cold Rolled de grueso calibre 12 y con 80 cm de di\u00e1metro, este fogatero combina una est\u00e9tica de dise\u00f1o superior con la m\u00e1xima durabilidad para tus reuniones al aire libre.<\/p>\n","protected":false},"featured_media":9056,"template":"","meta":{"_joinchat":[]},"product_brand":[],"product_cat":[30,82],"product_tag":[],"class_list":{"0":"post-6103","1":"product","2":"type-product","3":"status-publish","4":"has-post-thumbnail","6":"product_cat-chimeneas-de-exterior-a-lena","7":"product_cat-firepit-lena","9":"first","10":"instock","11":"taxable","12":"shipping-taxable","13":"purchasable","14":"product-type-simple"},"_links":{"self":[{"href":"https:\/\/site.marketeros.com.co\/chimeneas\/wp-json\/wp\/v2\/product\/6103","targetHints":{"allow":["GET"]}}],"collection":[{"href":"https:\/\/site.marketeros.com.co\/chimeneas\/wp-json\/wp\/v2\/product"}],"about":[{"href":"https:\/\/site.marketeros.com.co\/chimeneas\/wp-json\/wp\/v2\/types\/product"}],"wp:featuredmedia":[{"embeddable":true,"href":"https:\/\/site.marketeros.com.co\/chimeneas\/wp-json\/wp\/v2\/media\/9056"}],"wp:attachment":[{"href":"https:\/\/site.marketeros.com.co\/chimeneas\/wp-json\/wp\/v2\/media?parent=6103"}],"wp:term":[{"taxonomy":"product_brand","embeddable":true,"href":"https:\/\/site.marketeros.com.co\/chimeneas\/wp-json\/wp\/v2\/product_brand?post=6103"},{"taxonomy":"product_cat","embeddable":true,"href":"https:\/\/site.marketeros.com.co\/chimeneas\/wp-json\/wp\/v2\/product_cat?post=6103"},{"taxonomy":"product_tag","embeddable":true,"href":"https:\/\/site.marketeros.com.co\/chimeneas\/wp-json\/wp\/v2\/product_tag?post=6103"}],"curies":[{"name":"wp","href":"https:\/\/api.w.org\/{rel}","templated":true}]}}